.
3651
What is the greatest common factor of 1916941520 and 832?
208
Calculate the greatest common divisor of 12 and 19478502.
6
What is the highest common factor of 33135 and 1695525?
705
Calculate the highest common factor of 22073843 and 55.
11
What is the highest common divisor of 85700 and 973700?
100
Calculate the greatest common factor of 1996 and 47568672.
1996
What is the highest common factor of 2284912 and 412160?
2576
What is the highest common factor of 448537141 and 13?
13
Calculate the greatest common divisor of 19601472 and 33792.
2112
What is the highest common divisor of 7369128 and 4680?
936
What is the highest common divisor of 197674185 and 135?
15
Calculate the greatest common factor of 9998592 and 2816.
256
What is the highest common factor of 6 and 34944?
6
What is the greatest common factor of 7 and 59679193?
7
Calculate the greatest common factor of 5530 and 90080935.
2765
What is the greatest common factor of 61 and 62282708?
61
What is the greatest common divisor of 852908 and 121429?
581
What is the highest common factor of 5440596 and 615664?
6692
What is the greatest common divisor of 7 and 508361?
7
What is the greatest common divisor of 94526 and 449074?
302
What is the greatest common divisor of 788199683 and 1499?
1499
What is the greatest common factor of 1427 and 67007639?
1427
What is the highest common factor of 124514 and 2626?
26
Calculate the greatest common factor of 27811 and 46737824.
959
Calculate the highest common divisor of 45384 and 613986.
186
Calculate the greatest common factor of 3546535 and 3.
1
What is the highest common divisor of 153 and 15571371?
51
Calculate the highest common factor of 252 and 34789644.
36
Calculate the greatest common factor of 35726355 and 1701.
63
What is the greatest common factor of 452028 and 1191858?
1626
What is the greatest common factor of 255220 and 2135?
35
Calculate the highest common factor of 50379102 and 2826.
2826
What is the highest common factor of 7486000 and 4560?
1520
What is the greatest common divisor of 42938990 and 38800?
970
Calculate the highest common divisor of 476434 and 12838.
14
What is the greatest common divisor of 1280 and 69840?
80
Calculate the greatest common divisor of 138466586 and 7428.
1238
What is the highest common divisor of 48522180 and 420?
420
What is the greatest common divisor of 1198223 and 18239?
793
Calculate the greatest common divisor of 20702496 and 32.
32
Calculate the greatest common factor of 19977006 and 595.
119
What is the highest common divisor of 218407455 and 225?
45
What is the highest common factor of 1707 and 2901?
3
What is the highest common divisor of 372 and 16841004?
12
What is the highest common factor of 654677 and 5204863?
3617
What is the greatest common factor of 13779 and 129465?
9
Calculate the highest common divisor of 177072 and 195636.
1428
Calculate the greatest common factor of 34860947 and 369.
41
Calculate the highest common divisor of 35292 and 980218.
346
Calculate the greatest common divisor of 986591 and 1405.
281
Calculate the highest common factor of 16397 and 3173.
19
Calculate the highest common factor of 17145 and 7017512.
127
Calculate the greatest common factor of 5955066 and 782.
34
What is the greatest common divisor of 21175 and 4830815?
55
Calculate the greatest common factor of 2726 and 2382350.
58
Calculate the highest common factor of 10527 and 3793955.
121
What is the highest common factor of 310298336 and 368?
368
What is the greatest common divisor of 8087155 and 340?
85
What is the greatest common factor of 55939 and 8762?
13
Calculate the highest common factor of 35011941 and 13143.
1011
Calculate the highest common divisor of 893 and 200089.
19
Calculate the greatest common factor of 4307 and 6698188.
73
Calculate the highest common divisor of 2185 and 18566750.
115
Calculate the greatest common divisor of 216962 and 8949029.
1307
What is the highest common divisor of 38665 and 794020?
185
Calculate the greatest common factor of 797928 and 192.
24
Calculate the greatest common factor of 967149 and 11268.
9
What is the highest common factor of 606 and 27134?
2
Calculate the highest common factor of 13642 and 551570.
38
Calculate the greatest common divisor of 224 and 96441632.
224
Calculate the greatest common factor of 652 and 1146424640.
652
What is the highest common divisor of 70240 and 177760?
160
Calculate the greatest common divisor of 503029662 and 894.
894
What is the greatest common divisor of 339165 and 14265?
45
What is the greatest common divisor of 6237242 and 858?
22
What is the highest common divisor of 2512 and 63354?
2
What is the highest common factor of 2563989 and 1221?
111
Calculate the greatest common factor of 25200 and 1331232.
336
Calculate the greatest common factor of 872557 and 85498.
217
Calculate the highest common divisor of 32416708 and 530.
106
Calculate the greatest common factor of 3410495 and 10.
5
Calculate the greatest common divisor of 35359 and 16.
1
Calculate the highest common divisor of 21177 and 20768121.
1629
What is the highest common factor of 18768 and 3187432?
3128
What is the highest common divisor of 5334108 and 465?
93
What is the highest common factor of 836348997 and 2634?
1317
Calculate the greatest common divisor of 355891217 and 11.
11
What is the greatest common divisor of 81259 and 197731?
23
What is the greatest common divisor of 109263 and 730114?
847
What is the highest common factor of 4009836 and 5676?
516
What is the highest common divisor of 97606 and 16798?
74
Calculate the greatest common factor of 94736 and 31868.
124
Calculate the highest common divisor of 26591 and 4.
1
Calculate the greatest common divisor of 1050946 and 57466.
974
Calculate the highest common divisor of 726 and 11264979.
363
Calculate the highest common factor of 2793 and 33187357.
931
Calculate the greatest common divisor of 55688 and 4772.
4
Calculate the greatest common factor of 807540 and 1118.
86
Calculate the highest common factor of 1677571 and 3149.
47
What is the greatest common divisor of 74902 and 17306?
34
What is the highest common divisor of 70 and 1395590?
70
Calculate the highest common factor of 311952 and 21170832.
4656
Calculate the greatest common factor of 177324 and 948.
12
What is the greatest common factor of 1725 and 82835?
5
What is the greatest common divisor of 3326597 and 6313?
59
What is the greatest common divisor of 254140 and 30130?
1310
What is the highest common divisor of 226 and 102881302?
226
What is the greatest common factor of 17 and 1151169450?
17
What is the highest common divisor of 80386271 and 4?
1
What is the highest common divisor of 29764538 and 5662?
298
What is the greatest common divisor of 1924 and 75452?
52
Calculate the highest common factor of 12612197 and 26.
13
What is the greatest common divisor of 262 and 299164438?
262
Calculate the highest common divisor of 254 and 2455799.
127
What is the greatest common divisor of 7978485 and 1410?
705
Calculate the highest common factor of 9484816 and 352.
176
Calculate the greatest common factor of 199988425 and 91.
91
What is the highest common divisor of 680518 and 10808?
386
Calculate the highest common factor of 15755 and 469476.
23
Calculate the highest common divisor of 10898 and 84519439.
5449
What is the highest common factor of 3015873 and 2835?
567
Calculate the highest common divisor of 307869471 and 702.
351
Calculate the highest common divisor of 592 and 1045361.
37
What is the greatest common divisor of 1604574 and 4074?
582
Calculate the greatest common divisor of 944 and 66756848.
944
Calculate the highest common factor of 15309038 and 1835.
367
Calculate the greatest common divisor of 17332 and 2133074.
1238
Calculate the highest common factor of 268429 and 4929.
31
What is the greatest common factor of 260237520 and 60?
60
Calculate the highest common factor of 40774 and 19187386.
2146
Calculate the greatest common factor of 1400105 and 62390.
1835
What is the greatest common factor of 820 and 5028732?
164
Calculate the highest common factor of 467895 and 480.
15
Calculate the highest common divisor of 17447909 and 209.
19
Calculate the greatest common factor of 9387 and 117621.
63
Calculate the h